w*d - 192 + 636. Let o = d - -9. Is o a prime number?
True
Let z(n) = 35*n**2 - 91*n - 101. Is z(-40) a composite number?
False
Suppose 1 = m - 9. Is (-4)/10 - (-2984)/m a composite number?
True
Suppose v - 1251 = -h, 0 = h + 10*v - 6*v - 1239. Is h composite?
True
Let u(t) = 138*t + 73. Is u(11) a prime number?
False
Let j be (-1)/(-3)*(5 + 31). Let p be 217 - (3 + j/(-4)). Suppose -p - 831 = -4*o. Is o a prime number?
False
Is (-1)/((-12)/(-16) - (-32065)/(-42748)) a composite number?
False
Suppose 3*p = -4*f + 6*p + 16, f - 5*p = -13. Let a(b) = -b**3 + 13*b**2 + 11*b + 4. Let y be a(14). Is y/(f/((-63)/6)) composite?
True
Suppose 5*z - 59 = 151. Is (1410/(-45))/((-4)/z) a composite number?
True
Is ((-84)/(-42))/(4/5086) a prime number?
True
Suppose 23 = 2*x + 11. Let u(p) = 9*p**2 + 4*p - 9. Let r be u(x). Let j = r - 154. Is j a composite number?
True
Suppose -8*z + 349850 = 17*z. Is z a prime number?
False
Let b(y) = y**3 + 6*y**2 - 8*y + 3. Let o be b(-7). Let u(m) = 30*m - o + m + 12*m. Is u(5) a prime number?
False
Let a(o) = -o**2 + 15*o + 16. Let r(b) = -2*b**2 + 31*b + 33. Let f(d) = 9*a(d) - 4*r(d). Let s be f(12). Suppose v - 5 - 2 = s. Is v composite?
False
Suppose -u - 4*v = -4400 - 2711, -3*v = 4*u - 28483. Is u a prime number?
False
Let n(y) = y**2 - 5*y - 16. Let p be n(7). Let v be 3584/48 - p/(-3). Suppose 0 = -2*o + v + 44. Is o a prime number?
True
Let j = -20 - -20. Suppose j*i = 2*i. Suppose 5*y = 5*x - 1665, 0 = -i*x - 4*x - y + 1342. Is x a prime number?
False
Let n = -27 + 31. Suppose 0 = -5*f + r + 2932, -f - 2360 = -5*f - n*r. Is f composite?
False
Suppose -6*f + 5 + 25 = 0. Let s(g) = 5*g**2 - 6*g - 6. Is s(f) composite?
False
Let r(d) = -4061*d + 14. Is r(-3) composite?
False
Let a = -94 + 146. Let d be (-2)/(-13) - (-408)/a. Suppose 0 = z, 3*m - d*m + 545 = -2*z. Is m prime?
True
Is (9099/(-108))/((-2)/(-32)*-2) composite?
True
Suppose -8*x + 18330 = -3*x - 5*t, -18322 = -5*x - 3*t. Is x prime?
False
Let q = 13 + 6. Suppose 1165 = -14*o + q*o. Is o composite?
False
Let a be 34*((-1 - -1) + -2). Suppose v + p = 384, -2*p = 3*p + 15. Let c = a + v. Is c composite?
True
Let q(x) = 2*x**2 - 13*x - 4. Let c be q(7). Suppose -4*d - 12 = 0, 520 + 371 = c*o - 4*d. Is o composite?
False
Let y(o) = -o**3 - 7*o**2 + 10*o + 6. Let j be y(-8). Is (-27009)/(-15) + j/(-25) prime?
True
Suppose 2*w = -10*d + 5*d + 91795, -2*w = 2*d - 36718. Is d a prime number?
False
Let s = -10552 - -16107. Let t = -3621 + s. Is t prime?
False
Let l = -51 + 31. Let a be (-5)/l - 19/(-4). Suppose 3*x - 5*f - 237 = -2*f, a*x + 5*f = 435. Is x composite?
False
Suppose 4*h - 3*b - 2591 = 0, 7*b = 2*h + 3*b - 1298. Is h prime?
True
Suppose 14*v - 45249 = 11*v. Is v a prime number?
True
Suppose -3*q - 3*j = -4092, 2*q - 3*j - 2737 = -8*j. Is q a prime number?
True
Let t be (-6)/(-12)*180/3. Suppose 7 = k - 5*x + 1, -t = -5*k - x. Suppose 5*c - 920 = 5*b, -3*c - k*b + b + 528 = 0. Is c a prime number?
True
Let o(z) = z**3 - 5*z**2 - 2*z - 1. Let k be o(5). Let t be (-4)/22 - 46/k. Is 60/t*22/6 a prime number?
False
Let r(d) = -30*d - 5. Let s = -29 + 20. Is r(s) prime?
False
Suppose 955 = 4*g - 125. Let c = g - 192. Let o = c - 19. Is o a composite number?
False
Let g(r) = 2*r + 24. Let t be g(-8). Suppose 719 = t*l - 833. Is l a composite number?
True
Let o be -1 - (5 - 5) - (0 - -15). Let x(u) = 5*u**2 + 3*u + 30. Is x(o) a prime number?
False
Let m = 190 - 366. Let z = m - -333. Is z a prime number?
True
Is 10 - 8 - (-256*116 + -1) a composite number?
True
Let g(z) = -10*z - 2. Let u = 19 + -15. Suppose -9 - 15 = u*h. Is g(h) prime?
False
Is 6586 + (-5 + -1)/(-6) a prime number?
False
Let v(o) = 1 - 1 - o**2 - o. Let i be v(-1). Suppose 6*q - 3*q - 177 = i. Is q a prime number?
True
Let g be (126/(-6))/(6/(-28)). Suppose 3*d = -3*a + 102, 3*a + 3*d + d = g. Is a prime?
False
Suppose 4*o + 10383 = h, 5*h + 15*o = 14*o + 51957. Is h composite?
False
Suppose 0 = 5*o - 40741 + 6. Is o prime?
True
Suppose 0*r = -r + 5. Suppose 0 = s - 2*v + 6, 4*s + v + 1 = -r. Is 6150/78 + s/(-13) a composite number?
False
Let l(v) = -5*v + 4. Let b(m) = -1366*m - 1 + 1366*m - m**2. Let y(j) = -2*b(j) + l(j). Is y(5) a composite number?
False
Let n(m) = -m. Let x be n(0). Suppose -w + 6*w - 1330 = x. Suppose -w = -b - b. Is b a prime number?
False
Suppose -72 = -4*i + i. Suppose -i*h + 25*h - 563 = 0. Is h prime?
True
Let l(d) = 3*d**3 + 3*d**2 + 2. Let b be l(-3). Let v be (-7 - b)*(-2)/(-3). Suppose 4*q = q + v. Is q composite?
True
Let a(x) = -25*x**3 + 4*x**2 + 13. Is a(-6) a prime number?
True
Let f = -4 - -7. Let p be 2 + (5 - f) + 1. Suppose 0*t - 2*t - 272 = -4*z, -p*z = 4*t - 327. Is z composite?
False
Suppose -7*w + 2*w = 5*a - 9660, -5*a + 4*w = -9651. Is a prime?
True
Suppose 76 = -b + 5*b - 3*j, 0 = j. Is b prime?
True
Let h(l) = -33*l + 1. Let c be h(-1). Let o = 296 - c. Is o a composite number?
True
Let a(y) = 114*y - 20. Let p be a(8). Let b = 2007 - p. Is b a composite number?
True
Suppose 14*z - 9127 = 71. Suppose -2*w - 4*r - 416 = 0, 4*r - 456 = 6*w - 4*w. Let g = w + z. Is g prime?
True
Let s(o) = -127*o**2 - 7*o + 22. Let a(h) = -85*h**2 - 5*h + 15. Let w(x) = 7*a(x) - 5*s(x). Let u = -78 + 82. Is w(u) prime?
False
Suppose -17 = -a - 5*v, 2*a - 9 = 4*v - 9*v. Let h be (-2 - 2)*6/a. Suppose 0 = h*i - 218 + 65. Is i a composite number?
True
Suppose -5*p - 2*z - 533 = 0, 4*p + 565 - 136 = z. Let u = p + 622. Is u composite?
True
Suppose 0 = 2*c - 30 + 6. Is (-4)/(c/42 + (-436)/1477) prime?
False
Suppose 0 = -x + 24189 + 16178. Is x prime?
False
Let d = -184 + 515. Is d composite?
False
Let z(n) = n**3 + 6*n**2 + 4*n - 1. Let u be z(-5). Let s be -2 - 26*(-2)/u. Suppose s*b - 935 = 6*b. Is b prime?
False
Let l = 3079 + -1718. Is l prime?
True
Let x be -6*2*(-3)/12. Suppose z = 4, 3*z - 18 = -x*d - 0*z. Is ((-73)/(-3) - d)*15 a composite number?
True
Let a(v) = 3*v - 8. Let x be a(3). Is ((-14)/4)/x*-622 a prime number?
False
Suppose -2*c = -d - 15782 - 27785, 65343 = 3*c - 4*d. Is c prime?
False
Let p be (-1)/(-2) - (341532/(-8))/9. Suppose p + 2594 = 6*a. Is a composite?
False
Let s(z) = 4 - z - 13*z - 15*z. Let p be s(-5). Suppose 38 = y + w, -4*y - 2*w + p = -w. Is y a prime number?
True
Let c(q) = -q**3 + 2*q**2 + 2*q - 1. Let m be c(2). Suppose 5*s - 766 = 2*v, -m*s - 4*v + 466 = -2*v. Let t = s + -96. Is t composite?
True
Suppose 0 = -3*f + 3*w - 0*w + 6930, -2314 = -f + 5*w. Is f composite?
False
Let b(g) = -3*g**2 + 2*g + 6. Let u be b(4). Is (1506/(-5))/(u/10 - -3) composite?
True
Let p be (2784/(-20))/((-2)/55). Let o = -27 + 31. Suppose o*c - p + 600 = 0. Is c a prime number?
False
Let c(t) = -624*t - 25. Is c(-3) a composite number?
False
Suppose -31*k + 1159823 = 1074. Is k composite?
False
Suppose -l - 2*x = -12, -x = 3*l + x - 16. Suppose i + l*i - w = -481, 5*i - 4*w + 811 = 0. Is (-4)/(0 - (-6)/i) prime?
False
Let n be -1 + 3/(9/24). Suppose 4*x = 2*v + 2*v + 4, -n = -2*v - x. Suppose 115 + 1815 = v*h. Is h composite?
True
Let c(l) = -50*l + 3. Let t = -23 - -26. Suppose -t + 1 = h. Is c(h) a composite number?
False
Let k(r) = 3*r**2 + 42*r + 55. Is k(32) a prime number?
False
Let f = -532 + 5531. Is f a composite number?
False
Let b(w) = -w**2 - 13*w - 24. Let h be b(-10). Is (2 - 1 - h) + 2044 a composite number?
False
Let x(w) = -34*w + 33*w - 8 - 34*w - 34*w. Is x(-9) composite?
False
Let y be (1 - -9) + 1 + -4 + 0. Suppose -y*x + 608 + 9297 = 0. Is x a prime number?
False
Is (0/8 + -2)*-10487 a composite number?
True
Let b = 476 - 265. Is (b*-3)/(3 + -4) composite?
True
Let t(s) = 8*s**2 + 20*s + 301. Is t(42) a prime number?
False
Let h be -1*(-27 + 2 + -1). Suppose -a - h = 35. Let m = 98 + a. Is m a composite number?
False
Let m(q) = 4*q**3 + 8*q**2 - 4*q - 4. Let t be m(3). Let z = -41 + t. Is z composite?
True
Let o(m) = -m + 1809. Let a be o(0). Suppose a = 7*g - 3014. Is g a composite number?
True
Suppose 1075*p - 1071*p = 27044. Is p a prime number?
True
Let z be -2 + (226 - -3)/1. Let q = 2 + 1. Suppose -q*d - 5*i = -185 - 66, -i = -3*d + z. Is d a prime number?
False
Let m(l) = 11*l**2 - 16*l + 14. Let x be m(12). Suppose 5*p - x = -191. Let y = 710 - p. Is y a composite number?
False
Let l(h) = 975*h + 82. Is l(